 the hundreds digit of z?
2
Let o(a) = 124*a + 233. What is the thousands digit of o(18)?
2
Let t(y) = 8*y**2 - y - 6. Let j be t(-6). Suppose 5*s - s - j = 0. What is the units digit of s?
2
Let j = -22 + 32. Suppose -j*t = t - 1078. What is the tens digit of t?
9
Let r be (-6)/39 - 944/(-52). Suppose -153 = -3*i + s, 2*s - 76 - r = -2*i. What is the units digit of i?
0
Let q(c) = 202*c. Let t be q(3). Suppose -3*n + 5*w + 624 = 3*w, -4*w = 3*n - t. What is the hundreds digit of n?
2
Suppose 4*f = 3*a + 3576, 4*a - 22 = -6. What is the tens digit of f?
9
Let l = -34 - -42. Suppose l*g - 4 = 4*g. What is the units digit of g?
1
Let n(x) = 112*x**2 + 44*x - 135. What is the thousands digit of n(3)?
1
Let w = 5 - 25. Let f = w - -83. What is the tens digit of f?
6
Suppose -i + 3 + 3 = 0. Let o = i - 6. What is the units digit of o + 78/(-2 + 5)?
6
Let i(z) = -6*z + 1. Suppose 4*g - 35 = 9*g. Let c = 3 + g. What is the units digit of i(c)?
5
Suppose -2*p + 226 = 4*a, 14*p - 15 = 11*p. What is the units digit of a?
4
Let z(t) = t + 22. Let n = -9 - -18. Suppose 0 = -5*c + n + 36. What is the tens digit of z(c)?
3
Let s = 118 - 113. Suppose 0 = 2*o + s*o - 1260. What is the hundreds digit of o?
1
Suppose 3*m - 2*k - 4427 = -209, -5*m = -4*k - 7030. What is the hundreds digit of m?
4
Let u(g) = g**3 - 25*g**2 - 17*g + 14. What is the units digit of u(26)?
8
Suppose -273 = -3*q + 2445. What is the units digit of q?
6
Let f(y) = 31*y**3 - 2*y**2 + 1. Let s = -8 + 9. Let b be f(s). Suppose l - b = -0*l. What is the tens digit of l?
3
Suppose w - 100 = 5*w. Let l = -11 - w. What is the tens digit of l?
1
Suppose -8*g = -2*g - 12. Suppose 0 = -g*l - l, 5*z + 4*l + 40 = 0. What is the units digit of z/1*(-1)/2?
4
Suppose 0 = -g - 5, -4*l + 82 = 4*g + 22. Suppose 0 = 3*m + z + l - 174, 5*m = -3*z + 250. What is the units digit of m?
3
Suppose -a + 2*z + 998 = 0, -2*a - 2*z + 1393 = -591. What is the units digit of a?
4
Suppose -572 = -6*z + 1828. Suppose -5*k = -k - z. What is the tens digit of k?
0
Let t be 22 + (2/2 - -1). Let h = -68 + t. Let x = -18 - h. What is the tens digit of x?
2
Let j(z) = -61*z - 1. Let l be j(-2). Let a = l + -84. What is the units digit of a?
7
Suppose -8*a + 7*a = -3. Suppose -78 = -5*p - 3*v, -2*v - 11 = -a. What is the units digit of p?
8
What is the tens digit of -2 + 12495/(49/7)?
8
Suppose -w + 127 = 5*s - 712, 334 = 2*s + 2*w. What is the units digit of s?
8
Suppose z + 4 = 3*m, 2*z - 16 = m - 3*m. Let s = z + -2. Suppose -2*t + 73 = s*n, n = 3*n + 3*t - 42. What is the tens digit of n?
2
Suppose 30*p - 34*p = -6380. What is the thousands digit of p?
1
Let x(b) = 3*b - 3. Let i be x(-6). What is the units digit of ((-229)/(-3))/((56/i)/(-8))?
9
Let l = 19 + -11. Suppose 2*m + 2 + l = 0. Let j(q) = -3*q + 7. What is the tens digit of j(m)?
2
Let k(v) = -8 - 18*v - 1 - 1 - 5. What is the tens digit of k(-3)?
3
Suppose -221 = -24*l + 11*l. What is the units digit of l?
7
Let d(v) = 3*v**2 + 13*v + 8. Let f(t) = -t**2 - t - 1. Let g(a) = d(a) + 2*f(a). What is the units digit of g(-13)?
2
Suppose -3*z = -c + 17, 0*z + 18 = 4*c - 2*z. Suppose -5*g = -4*m - c*g + 234, -2*m - 2*g + 110 = 0. Suppose -4*f + m = -3. What is the tens digit of f?
1
Let x(a) = -6 - 4 - 25 + 11*a - 14. What is the hundreds digit of x(20)?
1
Let s = -35 - -39. Let k(f) = f**3 - 5*f**2 + 4*f + 4. Let d be k(s). Let l = 42 - d. What is the tens digit of l?
3
Let q = -7 - -18. Let y be q - (-1)/(1/(-3)). Let w = y + -3. What is the units digit of w?
5
Let n = 7 - -7. Suppose u - 99 + n = 0. Suppose 53 + u = 2*b. What is the tens digit of b?
6
Suppose -5*l - 119*d + 19465 = -124*d, 2*d - 15542 = -4*l. What is the units digit of l?
8
Let v(a) = a**2 - 14*a + 540. What is the units digit of v(0)?
0
Let r(t) = t**3 + 8*t**2 - 5*t - 2. Suppose 2*x = 5*y - 1 - 1, 0 = 4*y. Let d = -7 + x. What is the units digit of r(d)?
8
Suppose -4*h + 11 = -1. Let i(f) = f**2 - 9*f + 7*f + 4 + h. What is the units digit of i(3)?
0
Let q(b) = b**3 + 4*b**2 - 16*b - 14. What is the units digit of q(5)?
1
What is the tens digit of (-16938)/(-180) - (-2)/(-20)?
9
Let h(q) = -q**3 - 3*q**2 + 5. Let p = -12 - -15. Suppose 4*i - p*i = -5. What is the units digit of h(i)?
5
Suppose 12*i + 910 = 17*i. Suppose 34*k = 36*k - i. What is the units digit of k?
1
Let p(v) = -132*v - 264. What is the thousands digit of p(-15)?
1
Let q = -11 - -12. Suppose -2*x + x + q = 0. What is the units digit of (11 - 2) + 0/x?
9
Suppose -13*t + 4378 = -1901. What is the tens digit of t?
8
Suppose -2*k + 0*k = 0. Let m = 2 + k. Suppose -5*b - 4*f = -135, b + 108 = 5*b - m*f. What is the tens digit of b?
2
Let i(z) be the second derivative of z**3/6 + 8*z**2 - 3*z. Let k be i(-11). Suppose 4 = -5*j + h + 165, 112 = 4*j - k*h. What is the tens digit of j?
3
Let m = -6386 - -12314. What is the units digit of m?
8
Let k(p) = -p - 9. Let n be k(-12). Suppose 5*d = q + q - 52, 0 = n*q - 3*d - 60. What is the tens digit of q?
1
Suppose 3*o + 2*o + 3*w = 1340, -540 = -2*o - 2*w. Suppose -3*g - 10 - 120 = 4*f, o = -5*g + 3*f. Let m = g + 74. What is the units digit of m?
4
Let n(k) = -k**3 + 8*k**2 + 3. Let s be n(8). Suppose -s*h + 4*h = -1. What is the tens digit of (26 + -1)*(0 - h)?
2
Let m = 1835 + -434. What is the hundreds digit of m?
4
Suppose 0 = -4*r - 2 + 18, r + 2264 = 3*v. What is the hundreds digit of v?
7
Let m = 170 + 177. What is the tens digit of m?
4
Let w be 0 - (15/(-4) - (-2)/(-8)). What is the tens digit of (-1060)/(-14) - w/(-14)?
7
Let m(n) = 3*n**2 + 37*n - 360. What is the hundreds digit of m(12)?
5
Let y be -14 + 1 - (5 + -9). Let p(j) = -j**2 - 12*j - 13. Let f be p(y). What is the units digit of ((-22)/(-77))/(4/f)?
1
Suppose -10 = 4*u + 2*m - 32, -5*u + 20 = -5*m. Suppose -u*h + 3*h + 252 = 0. What is the tens digit of h?
2
Let m(w) = 2*w + 14. Let q be m(-7). Suppose -i + 0*r + 55 = -r, 4*i - 5*r - 216 = q. What is the units digit of i?
9
Suppose 5*q = 4*q + 3*t - 11, -5*t = -5. Let k(o) = o**2 - 7*o + 9. What is the units digit of k(q)?
9
Let z(n) = -2*n**3 - 5*n**2 - 2*n + 4. Suppose 3*v = -2*v - 15. What is the units digit of z(v)?
9
Let h = 2130 + 2620. What is the thousands digit of h?
4
Let k(y) = -110*y**3 + 2*y - 1. Let t be k(-2). Suppose o + 5*j = -2*o + 488, -t = -5*o + 4*j. What is the hundreds digit of o?
1
Suppose -3*f + 3 = -3*d - 6, d + 5*f = 27. Suppose 0 = 2*l - 3*s - 37, 7 = d*l + 2*s + s. Let u(z) = z**3 - 10*z**2 - 11*z + 7. What is the units digit of u(l)?
7
Suppose 0 = -6*r + 7*r. Suppose -x + 24 + 24 = r. What is the tens digit of x?
4
Let n be ((-2)/(-3))/(4/366). Let s be 15/(-5)*(-34)/(-3). Let r = s + n. What is the units digit of r?
7
What is the units digit of ((-2181)/(-4))/(42/112)?
4
Suppose w + 3*a - 659 = 164, 0 = 2*w + a - 1661. What is the units digit of w?
2
Let n(k) = 6*k + 22. What is the tens digit of n(5)?
5
Suppose -5*b = -4*d + 228, 4*b + 110 = -4*d - 58. What is the units digit of (-1023)/b + (-1)/4?
3
Let p(t) = 1285*t + 86. What is the thousands digit of p(1)?
1
Suppose 79*t - 34693 = 58448. What is the hundreds digit of t?
1
Let j = -1892 + 2825. What is the units digit of j?
3
Let l = 540 + -255. What is the hundreds digit of l?
2
Suppose -5*h - 3*m = -27, -4*m + 21 = 5. Suppose -a = -2*x + 153, 2*x - 395 = -h*x + 5*a. What is the units digit of x?
4
Let p(y) = -2*y**3 - 23*y**2 - 13*y + 26. What is the units digit of p(-11)?
8
Let c be 76/14 - 24/56. Let b(a) = a**2 - 6 + c - a - 3*a. What is the units digit of b(5)?
4
Let f(k) = -2*k + 40. Let a be f(-18). Suppose -4*m + 740 - a = 5*y, 4*y = -2*m + 326. What is the units digit of m?
1
Let a = -188 + 130. Let i = 61 + a. What is the units digit of i?
3
Let t be ((-43)/(-2))/(21/84). Suppose -5*b + 189 = -t. What is the units digit of b?
5
Let r be (-2)/(-7) + (-194)/(-7). Suppose -18 = 4*w + 14. Let t = r + w. What is the units digit of t?
0
Let l(z) = z**3 + 8*z**2 - 7*z - 7. Let r be l(-5). Suppose -5*p = -5*b + 530, -2*b = -3*b + 2*p + r. What is the units digit of b?
9
Suppose 4*a + 593 = -j + 4*j, 5*j - 2*a = 979. Let l = j - 101. What is the units digit of l?
4
Suppose -2*q - 17487 = -7*q + 4*j, 4 = 2*j. What is the thousands digit of q?
3
Let k = -948 - -1289. What is t